In base 13, what is -173 - 16?
-189
In base 13, what is -1 - -17c3?
17c2
In base 13, what is -891 - 7?
-898
In base 10, what is -7 - 44?
-51
In base 10, what is -214 - -3?
-211
In base 5, what is -2 + -1231?
-1233
In base 11, what is 30 + 17?
47
In base 12, what is -201 + 0?
-201
In base 7, what is 1 - -640?
641
In base 14, what is 202 + 0?
202
In base 9, what is 3 + -1?
2
In base 11, what is -91 - 56?
-137
In base 4, what is -2 + 213032?
213030
In base 6, what is 1 + -130?
-125
In base 12, what is 1 + -3a?
-39
In base 10, what is -379 - 29?
-408
In base 15, what is -1910 + 3?
-190c
In base 9, what is -803 + 20?
-773
In base 7, what is 2 + -1114?
-1112
In base 4, what is 2 - 10022?
-10020
In base 15, what is 0 + 149?
149
In base 4, what is 1331 + 2?
1333
In base 13, what is -1 - -61?
60
In base 10, what is -763 + 1?
-762
In base 4, what is -233 - -10?
-223
In base 9, what is -3 - 2025?
-2028
In base 4, what is 32 - -1121?
1213
In base 14, what is a + -8?
2
In base 4, what is -1 - 301?
-302
In base 13, what is -4 - ca?
-101
In base 2, what is -1 - 111010?
-111011
In base 13, what is -1c5 + 12?
-1b3
In base 15, what is -6b - -37?
-34
In base 5, what is -10 - 4443?
-10003
In base 4, what is -11 + 112?
101
In base 15, what is ad - 6?
a7
In base 16, what is 18 + 4?
1c
In base 12, what is -4 + 6?
2
In base 15, what is 16 - 2?
14
In base 3, what is -10 - 2110?
-2120
In base 2, what is -1001001 + -1?
-1001010
In base 11, what is 119 + 3?
121
In base 14, what is 4 - -150b?
1511
In base 8, what is -36 + 14?
-22
In base 5, what is -414214 - 4?
-414223
In base 10, what is 11486 + 5?
11491
In base 14, what is -332 + 2?
-330
In base 10, what is 6566 - -2?
6568
In base 4, what is 2 - 322101?
-322033
In base 13, what is -1b + -c?
-2a
In base 12, what is -3 - -725?
722
In base 13, what is 82 + -4?
7b
In base 15, what is a78 - -4?
a7c
In base 12, what is -588 - 4?
-590
In base 10, what is 359 - -5?
364
In base 12, what is -159 - 11?
-16a
In base 14, what is 2 + -22?
-20
In base 2, what is 0 - 11111111001?
-11111111001
In base 12, what is -32 + -b?
-41
In base 14, what is -3 + -1b?
-20
In base 3, what is 2010120 + -12?
2010101
In base 6, what is 13 + 24111?
24124
In base 13, what is -12c + -b?
-13a
In base 3, what is 1 - -202?
210
In base 15, what is -29b + 5?
-296
In base 10, what is -1985 + 3?
-1982
In base 11, what is -4 + -6a5?
-6a9
In base 15, what is 3 - 1e?
-1b
In base 10, what is -5 - -511?
506
In base 9, what is -1 + -86?
-87
In base 11, what is -6 - 106?
-111
In base 12, what is 1 + -511?
-510
In base 10, what is -124 + -3?
-127
In base 15, what is -41 + -4?
-45
In base 16, what is -1c3 - -4?
-1bf
In base 3, what is 2100 + 10?
2110
In base 9, what is 2 + 58?
61
In base 13, what is b + 4?
12
In base 10, what is -822 - -5?
-817
In base 16, what is 3 + 66c?
66f
In base 2, what is 10101110110 + -1?
10101110101
In base 14, what is -5 - -bd3?
bcc
In base 14, what is -1c + 14?
-8
In base 13, what is -2 + 66?
64
In base 7, what is 5530 + 2?
5532
In base 14, what is 2278 - -5?
227d
In base 10, what is -199 + -107?
-306
In base 16, what is -7 - 28?
-2f
In base 9, what is -166 - -3?
-163
In base 14, what is -2242 - 3?
-2245
In base 3, what is 110 - 11102?
-10222
In base 5, what is -13044 + -10?
-13104
In base 12, what is -3 - -45?
42
In base 15, what is -9c - 10?
-ac
In base 14, what is 0 + 139?
139
In base 9, what is 45 + 0?
45
In base 3, what is 210120 + -20?
210100
In base 12, what is -3 + -3966?
-3969
In base 16, what is ba - -1?
bb
In base 4, what is 123 + 2?
131
In base 12, what is 89 + 4?
91
In base 2, what is -10 + -1101?
-1111
In base 7, what is -15252 + 3?
-15246
In base 5, what is 0 + -1232?
-1232
In base 7, what is 41 + -5?
33
In base 16, what is 3a7a + -1?
3a79
In base 11, what is -12 + 1022?
1010
In base 8, what is 2 - -17?
21
In base 12, what is -1a51 - -3?
-1a4a
In base 4, what is -2 + -11000?
-11002
In base 5, what is -1 - -140?
134
In base 9, what is 351 + 0?
351
In base 7, what is 12 - 5?
4
In base 13, what is 18 - c?
9
In base 9, what is -113 - -124?
11
In base 3, what is 2 - -1200?
1202
In base 7, what is 20565 - 2?
20563
In base 3, what is 0 - 1022102?
-1022102
In base 4, what is 0 + 21?
21
In base 14, what is 2 + 22b?
22d
In base 15, what is a8 - 8?
a0
In base 3, what is 11 - 100210?
-100122
In base 8, what is -545 + 4?
-541
In base 9, what is 38862 + 1?
38863
In base 4, what is 1 - -21332?
21333
In base 3, what is -1211022 - 0?
-1211022
In base 11, what is -5 - -3a8?
3a3
In base 2, what is 11111010 - -10?
11111100
In base 15, what is -24 - -57?
33
In base 9, what is -35 + 0?
-35
In base 11, what is -77 + 24?
-53
In base 9, what is 382 - -1?
383
In base 5, what is -3 - -33102?
33044
In base 5, what is 142401 - -4?
142410
In base 10, what is -2114 - -5?
-2109
In base 8, what is 5 - 616?
-611
In base 7, what is 4246 - -11?
4260
In base 5, what is 2 - 140404?
-140402
In base 10, what is -9 - 6?
-15
In base 12, what is -5 - -ba?
b5
In base 14, what is -13 - 100?
-113
In base 3, what is 12112 - -1?
12120
In base 12, what is 4 + -168?
-164
In base 13, what is 3a + -b?
2c
In base 13, what is -5c3 - 2?
-5c5
In base 3, what is 12 + 10101?
10120
In base 10, what is -8 - -10?
2
In base 8, what is -3 + -105?
-110
In base 11, what is 42 + -3?
3a
In base 5, what is -21211 - -3?
-21203
In base 14, what is 17 + 10?
27
In base 12, what is -4 + -51?
-55
In base 7, what is 11 - 353?
-342
In base 16, what is 13 + 2?
15
In base 4, what is -3120 + 20?
-3100
In base 6, what is -1054 - -1?
-1053
In base 11, what is -2a0 + 0?
-2a0
In base 9, what is -466 + -4?
-471
In base 10, what is 1 + -63?
-62
In base 9, what is 210 - 35?
164
In base 16, what is -741 + -3?
-744
In base 7, what is -204 + 3?
-201
In base 9, what is 1 + -7374?
-7373
In base 5, what is -240 - 1?
-241
In base 10, what is -13 + -2?
-15
In base 8, what is -41 + -17?
-60
In base 3, what is -2 + -1210?
-1212
In base 15, what is 3 + 20?
23
In base 10, what is -2 - 190?
-192
In base 5, what is -1004 - 32?
-1041
In base 14, what is 0 - 2?
-2
In base 9, what is -7120 + -5?
-7125
In base 9, what is 102 - 206?
-104
In base 11, what is -289 - 6?
-294
In base 15, what is 2 + -10?
-d
In base 10, what is -9858 - -5?
-9853
In base 13, what is -50 + -4?
-54
In base 3, what is -101 + -21?
-122
In base 16, what is 5 - 1?
4
In base 3, what is 20 + 12002211?
12010001
In base 12, what is -1 + -b?
-10
In base 6, what is -40424 - 3?
-40431
In base 12, what is -6 + 1?
-5
In base 7, what is -15 + -444?
-462
In base 9, what is -1106 + -3?
-1110
In base 9, what is 851 + 3?
854
In base 15, what is -30 - -1?
-2e
In base 12, what is -529 - -4?
-525
In base 10, what is -5 - 21?
-26
In base 11, what is 2 - 38?
-36
In base 10, what is 1158 - -3?
1161
In base 4, what is -3 + -110011?
-110020
In base 13, what is -4 + -5?
-9
In base 13, what is 14 + -11?
3
In base 12, what is 2b - -79?
a8
In base 5, what is 230140 - -10?
230200
In base 8, what is -2 - 134?
-136
In base 6, what is -11 - 11445?
-11500
In base 14, what is -627 + 4?
-623
In base 8, what is -230 + -55?
-305
In base 3, what is -201001100 + 11?
-201001012
In base 12, what is -4 - -68?
64
In base 10, what is 11790 + 0?
11790
In base 8, what is -3 + -101?
-104
In base 13, what is 912 - 5?
90a
In base 8, what is -4 + -2263?
-2267
In base 3, what is 12 + -200221?
-200202
In base 4, what is -122 - 0?
-122
In base 14, what is -2 - 4c6?
-4c8
In base 12, what is 30 - 2?
2a
In base 13, what is -1 + 2400?
23cc
In base 12, what is 5 - 36?
-31
In base 7, what is 52 - -2?
54
In base 2, what is 11 + -10000110011?
-10000110000
In base 3, what is 12 - 20?
-1
In base 8, what is 127 - 3?
124
In base 8, what is 17 + -155?
-136
In base 10, what is 4 + -158?
-154
In base 7, what is -244 + 3?
-241
In base 15, what is 10e - 13?
eb
In base 16, what is 2 + 46?
48
In base 15, what is 2 - -e5?
e7
In base 8, what is -203 - -2?
-201
In base 8, what is 65 + -21?
44
In base 6, what is -2 + 53?
51
In base 4, what is 0 - 30022?
-30022
In base 15, what is -7 + 913?
90b
In base 16, what is 6 - -7ff?
805
In base 3, what is 2 - -1102000?
1102002
In base 9, what is 184 + -2?
182
In base 9, what is -21 + 35?
14
In base 7, what is -5 - 2012?
-2020
In base 12, what is 2 - -9?
b
In base 12, what is 5 - 5a8?
-5a